t is 1022120210112 + 1?
1022120210120
In base 9, what is -55728 - 14?
-55743
In base 9, what is -11 - 63083?
-63104
In base 3, what is -2011 + -10002122?
-10011210
In base 4, what is 21100331 - -102?
21101033
In base 15, what is 1 - -3498?
3499
In base 7, what is -346154 + -20?
-346204
In base 11, what is 35aa - 70?
353a
In base 6, what is -34 + -20420?
-20454
In base 11, what is -89 - 1291?
-136a
In base 12, what is -25 + 13183?
1315a
In base 13, what is -1534b - -5?
-15346
In base 13, what is -84709 - 12?
-8471b
In base 2, what is 0 - 111001010010101000?
-111001010010101000
In base 14, what is -612 + 46?
-5aa
In base 6, what is -3443434 + 2?
-3443432
In base 16, what is 0 - 65b54?
-65b54
In base 11, what is -182 + -219?
-3a0
In base 4, what is -130 + 101003103?
101002313
In base 3, what is 10022 + -122212?
-112120
In base 6, what is 40555 - 1424?
35131
In base 15, what is -1cc4 + -b?
-1cd0
In base 5, what is 131 + 14231?
14412
In base 5, what is -201 + -34241?
-34442
In base 13, what is -6 + 35992?
35989
In base 8, what is -3747427 + 4?
-3747423
In base 4, what is -100 - -2003122?
2003022
In base 5, what is -12231442 + 10?
-12231432
In base 11, what is -8967 + 1?
-8966
In base 13, what is 309638 - 4?
309634
In base 6, what is 101330 + -204?
101122
In base 16, what is 2 + -31d7?
-31d5
In base 15, what is 1 - -365dc?
365dd
In base 9, what is -5 + 114706?
114701
In base 9, what is -3170 + -1575?
-4755
In base 11, what is -1463 + -140?
-15a3
In base 2, what is -1001 - -1101100011010111?
1101100011001110
In base 12, what is 272 - 5b6?
-344
In base 8, what is -166455 + 1?
-166454
In base 9, what is -373556 - 7?
-373564
In base 11, what is 305 - -195?
49a
In base 3, what is 22012001 + 20201?
22102202
In base 5, what is 22 + 31342?
31414
In base 10, what is -1 + -474?
-475
In base 15, what is 11e - -2a58?
2b77
In base 10, what is 726 - -274?
1000
In base 14, what is -10b9 - 8b?
-1166
In base 3, what is -2222120202 + 20000?
-2222100202
In base 14, what is d + -3147?
-3138
In base 11, what is a246 + 0?
a246
In base 5, what is -31 + -3402044?
-3402130
In base 4, what is 10002113023 - 11?
10002113012
In base 6, what is -3 + -5240535?
-5240542
In base 15, what is -82 + -2382?
-2414
In base 7, what is -3 + 1213043?
1213040
In base 5, what is 441440 - 142?
441243
In base 16, what is -20eb3 - 0?
-20eb3
In base 10, what is 1 - 215313?
-215312
In base 16, what is -1fc3d - 5?
-1fc42
In base 11, what is -21037 + 2?
-21035
In base 5, what is 1 + 10232?
10233
In base 8, what is -3307765 - 0?
-3307765
In base 6, what is -104543 - -13?
-104530
In base 14, what is 6b905 - 12?
6b8d3
In base 5, what is -2242422 + 3?
-2242414
In base 5, what is -12 - -33424133?
33424121
In base 2, what is 11010 - -110100001011?
110100100101
In base 6, what is 5 - -235321?
235330
In base 7, what is -10 + 6106?
6066
In base 4, what is 213 - -1100?
1313
In base 16, what is 1d1 + 1d?
1ee
In base 14, what is 8b7d - -48?
8bc7
In base 12, what is -27 + 11b67?
11b40
In base 14, what is 45 - -16c?
1b3
In base 11, what is 64 - -a89?
1042
In base 14, what is 1bcb - -2a?
1c17
In base 10, what is 0 - -7147?
7147
In base 16, what is 0 + -caf3?
-caf3
In base 15, what is 2 + -2e76?
-2e74
In base 3, what is -1100122121 + -1020?
-1100200211
In base 3, what is 11 + -222002121101?
-222002121020
In base 10, what is -6781 - 321?
-7102
In base 2, what is 10101101101 + -100000111?
10001100110
In base 4, what is -131 - -110023312?
110023121
In base 11, what is -4 + -194775?
-194779
In base 3, what is 21012 + -1001102?
-210020
In base 8, what is 652 + -7?
643
In base 7, what is 253 + -62?
161
In base 6, what is 2410 + 101?
2511
In base 8, what is 31472 - -16?
31510
In base 12, what is -392a0 + 4?
-39298
In base 8, what is -214 + -16?
-232
In base 12, what is -450a8 + -1?
-450a9
In base 6, what is 3331403 + 3?
3331410
In base 10, what is -1334 - 625?
-1959
In base 12, what is -10130 - -a?
-10122
In base 5, what is 232 - -103442?
104224
In base 10, what is -1185 + 6?
-1179
In base 4, what is 102020 + 120?
102200
In base 2, what is -100010011100 + 11010?
-100010000010
In base 4, what is -103320 - -112003?
2023
In base 9, what is -4 + -1203736?
-1203741
In base 6, what is 10150 - -32254?
42444
In base 2, what is -1 - 10001111101111?
-10001111110000
In base 10, what is -4 - 12291?
-12295
In base 4, what is 22123 + 21303?
110032
In base 12, what is 3b3650 + -2?
3b364a
In base 11, what is -12 - 499?
-500
In base 11, what is -7594 - -4?
-7590
In base 4, what is -23 + 102033?
102010
In base 2, what is 111001111001011 - 111?
111001111000100
In base 14, what is 834 - -1?
835
In base 6, what is 13324441 + 11?
13324452
In base 15, what is -506 + -b66?
-116c
In base 2, what is 1 + 11100111111111000?
11100111111111001
In base 15, what is 34b7 + -23?
3494
In base 11, what is -138 + -280?
-408
In base 11, what is a5a - 1375?
-416
In base 13, what is 44 - 22451?
-2240a
In base 11, what is -118 - -75a9?
7491
In base 10, what is -150 + 1244?
1094
In base 3, what is -10 + -102010201?
-102010211
In base 5, what is -42100 + 1444?
-40101
In base 3, what is -22202001002 + -201?
-22202001210
In base 16, what is a14 - -9?
a1d
In base 14, what is 53584 - 2?
53582
In base 15, what is -a7 + -433?
-4da
In base 10, what is -132 + 462?
330
In base 6, what is -133552 + -1?
-133553
In base 15, what is -525 - -1c?
-508
In base 14, what is -4b87 - -1?
-4b86
In base 4, what is -10223301 + 33?
-10223202
In base 8, what is 62364 + 1?
62365
In base 7, what is -63 + -2613?
-3006
In base 9, what is -80 + -4356?
-4446
In base 3, what is 220020 + 22211?
1020001
In base 11, what is 5 + 766190?
766195
In base 8, what is 102346 - -11?
102357
In base 9, what is -3 - -84601?
84587
In base 16, what is 4ef06 + -2?
4ef04
In base 11, what is 86 + 2821?
28a7
In base 6, what is -40 + 442?
402
In base 6, what is -14024 - 2432?
-20500
In base 14, what is 2d - 211d?
-20d0
In base 3, what is -1012 + -101022022?
-101100111
In base 8, what is 174203 - 4?
174177
In base 12, what is 1 + 144a2?
144a3
In base 9, what is 12 + -7051?
-7038
In base 7, what is -105643 - 3?
-105646
In base 6, what is 2 - 433340?
-433334
In base 16, what is 8 + 1ad26?
1ad2e
In base 10, what is 118644 + -25?
118619
In base 2, what is -111101100 + -1001010?
-1000110110
In base 12, what is -15a653 - -5?
-15a64a
In base 14, what is -58ca3 - -3?
-58ca0
In base 7, what is -1413 - -120?
-1263
In base 15, what is 3 - -3719?
371c
In base 9, what is -247 + -4522?
-4770
In base 16, what is -2 + -6fb83?
-6fb85
In base 15, what is 75 + 3a4?
429
In base 7, what is 32 + -556312?
-556250
In base 10, what is -9 + 186535?
186526
In base 12, what is -2 - -69a38?
69a36
In base 5, what is 1010 - 0?
1010
In base 4, what is 10 - -2101033?
2101103
In base 3, what is 10 - 11220112122?
-11220112112
In base 3, what is -220222 + 111012?
-102210
In base 2, what is 10011 - -101110000?
110000011
In base 5, what is 20 - 214204?
-214134
In base 2, what is 100111110011 - -110?
100111111001
In base 11, what is -350 + 82?
-279
In base 15, what is -3615d - 1?
-3615e
In base 6, what is 35201 + 14?
35215
In base 14, what is 8 - 2d034?
-2d02a
In base 13, what is -c - 434a?
-4359
In base 4, what is 3112 + 20130?
23302
In base 11, what is -120aa + 23?
-12087
In base 12, what is 22 - 405b?
-4039
In base 12, what is 6 - 24221a?
-242214
In base 9, what is -1 + -251050?
-251051
In base 7, what is 5 + -2513610?
-2513602
In base 12, what is 3ba27 + -1?
3ba26
In base 10, what is 32638 - -1?
32639
In base 11, what is -120 - 6a9?
-819
In base 4, what is 2 - -310033323?
310033331
In base 9, what is 6883 + 143?
7136
In base 10, what is -2 - 78?
-80
In base 6, what is -2011 + -424?
-2435
In base 14, what is -5 + 8c321?
8c31a
In base 7, what is -3 - 21443?
-21446
In base 12, what is 51 - -5a?
ab
In base 4, what is -333 + 1022213?
1021220
In base 16, what is bb - 67b?
-5c0
In base 7, what is 151 + 15053?
15234
In base 9, what is 2 + -4316?
-4314
In base 16, what is 5 + -7e9f0?
-7e9eb
In base 15, what is -95448e - -1?
-95448d
In base 13, what is -4 + 1077b2?
1077ab
In base 10, what is -703 - 3566?
-4269
In base 7, what is -3045021 + -12?
-3045033
In base 2, what is 10000011 - 110101101001?
-110011100110
In base 7, what is 3 + 1441651?
1441654
In bas